 -3*d**2 - 18*d + 22. Let o be n(-7). Let p(k) = 2*k - 4. What is p(o)?
-2
Let b(m) = -m. Let z(a) = -a + 3. Suppose 2*w = -3*p - 2, 0 = -3*p + 3*w - 7*w + 8. Let k(t) = p*b(t) - z(t). Calculate k(2).
7
Let i(d) = d**3 - 7*d**2 - 11*d - 15. Let g(k) = k**3 - 6*k**2 - 11*k - 15. Let r(a) = -4*g(a) + 5*i(a). Calculate r(12).
-3
Let k(a) = -36 - 78 + 113 - 5*a - 7*a. Suppose -m - 2 = -2*s - 2*m, 0 = 5*m. Determine k(s).
-13
Let p(n) = -5*n - 5 + 0 + 4. Suppose 0 = 18*c - 36543 + 36525. Give p(c).
-6
Let y(w) = 12*w**2 + 2 - 6 + 3 - 2*w - 11*w**2. Let b be y(2). Let h(p) be the first derivative of 5*p**3/3 - p**2/2 - p - 1. What is h(b)?
5
Let r(n) = n**2 + 6*n - 4. Let w be r(4). Let z be (-4)/18 + 8/w. Suppose j + 4*j = z. Let u(g) = -g**2 - 6. Calculate u(j).
-6
Let v(b) = 22*b**2 + 5*b + 10. Let g(s) = 29*s**2 + 6*s + 11. Let o(d) = -3*g(d) + 4*v(d). Calculate o(-4).
15
Let h(r) = 239*r**2 - 531*r**2 + r**3 + 5*r + 286*r**2. Let d = 15 - 11. Calculate h(d).
-12
Let u(d) = -3*d + 20. Suppose -5*s + 4*s = -r + 13, -3*r = 2*s - 14. Let w be u(r). Let h(f) = f**2 + 5*f - 1. What is h(w)?
-5
Let h(p) be the second derivative of p**5/60 - p**4/12 + 7*p**3/6 + 3*p. Let y(s) be the second derivative of h(s). Calculate y(4).
6
Let q(z) = z**3 + 14*z**2 + 4. Let t be q(-14). Suppose g + k - 6*k = -18, 6 = -5*g + t*k. Let r(y) = 6*y**2 - 3*y + 3 + 0*y**2 - y**3 - 3*y**2. What is r(g)?
1
Let a(z) = -z**2 - 6*z + 6. Suppose 0 = -5*t - 13*t - 90. Determine a(t).
11
Let t(p) = -312*p**3 + 2*p**2 + 151*p**3 + 154*p**3. Determine t(2).
-48
Let k(w) be the first derivative of -w**3 + w**2 - w + 130. Determine k(2).
-9
Suppose -8*p + 8 = 4*t - 6*p, 0 = -5*t + 4*p - 16. Let h(f) = -f**3 - 20. Calculate h(t).
-20
Let z(f) be the third derivative of 1/12*f**4 - 11*f**2 + 0*f + 0 - 1/3*f**3. What is z(-3)?
-8
Let s(f) be the third derivative of f**5/30 + f**4/24 - 5*f**3/3 + 241*f**2. What is s(-5)?
35
Let w(c) = -10*c + 2*c - 5*c**2 + 2*c**3 - 3*c**3 + 1 - 6*c**3 + 8*c**3. Give w(6).
-11
Suppose -9*g = -4*g - 35. Let m(y) = -y + 9. Let c(a) = a - 10. Let v(x) = -4*c(x) - 5*m(x). Give v(g).
2
Let v(n) = 2*n + 41. Let j(z) = -z**2 + 42*z - 435. Let l be j(26). Calculate v(l).
3
Let n(b) = -23 - 11*b**3 + 24 - 4*b**3. What is n(-1)?
16
Let t(h) = -h - 13. Let k be t(-18). Suppose 3*f - k = -f + 3*r, r + 7 = 4*f. Let m be (f - 0)*(1 - 0). Let l(i) = -2*i**3 + i**2 - i - 2. What is l(m)?
-16
Let z be (-13 + (-1023)/(-77))*-21. Let g(u) = u**3 + 6*u**2 + u - 11. Give g(z).
-17
Let s(u) be the third derivative of -u**6/30 - u**5/30 + u**4/24 - 25*u**2 - 1. Give s(1).
-5
Let i(x) be the second derivative of -x**6/240 - x**5/60 - 3*x**4/2 + 2*x. Let o(m) be the third derivative of i(m). What is o(-2)?
4
Let s(m) = -3*m**3 - m**2 + m. Suppose -4*r = 4*z, 3*r - 13 = -19. Give s(z).
-26
Let t(g) = -8*g - 45. Let z(l) = -3*l - 15. Let b(a) = 4*t(a) - 11*z(a). What is b(0)?
-15
Let n = 359 - 366. Let d(l) = 3*l + 20. Give d(n).
-1
Let r(u) be the second derivative of -u**7/2520 + u**6/360 + u**5/120 - u**4 - 4*u. Let o(v) be the third derivative of r(v). What is o(-1)?
-2
Let h(k) be the second derivative of k**7/840 - 7*k**6/360 + 7*k**5/120 - 7*k**4/24 + 5*k**3/2 - 7*k. Let t(f) be the second derivative of h(f). Calculate t(6).
-1
Let z(d) = -24*d - 2. Let p(s) = s. Suppose -7*q + 3 = -11. Let b(n) = q*z(n) + 44*p(n). Determine b(-5).
16
Let u(n) = -3*n + 5*n + 5*n - 5*n + n. Give u(-2).
-6
Let p(a) = a**3 - a - 14. Let m = 2 - -3. Suppose -4*s + h + 4*h = -24, 4*s + m*h + 16 = 0. Suppose y = -v - s, -3*v - 4 = -7*v + 4*y. What is p(v)?
-14
Let d(z) = 2*z**2 - 6*z + 5. Let p be (8/(-60))/(1/(-15)). Give d(p).
1
Suppose 0 = 3*f + 29 - 29. Let w(s) = 3*s + 4*s**3 + f*s**3 + 5*s**2 - 12*s**3 - 2 + 7*s**3. What is w(5)?
13
Let v(p) = -p**2 + p**3 - 14*p - 10*p**2 + 24*p**2 + 4. Calculate v(-14).
4
Let y(x) = -5*x + 17. Let g(i) = i - 3. Let c(l) = -22*g(l) - 4*y(l). Let w be (5 - 4)/(1/(-3)). What is c(w)?
4
Let r(w) = -w**2 - 7*w + 5. Let j(x) = 4*x**2 + 2*x - 2. Let a be j(2). Suppose t + 25 = a. Calculate r(t).
5
Let r(g) = 15*g**2 + 2*g - 1. Suppose -4*a - 3 = 5*c, 0 = -9*a + 6*a - 6. What is r(c)?
16
Let k(z) = z**3 - 5*z**2 - 10*z - 1. Let f be k(7). Let g = f - 21. Let l(p) = -p**3 + 5*p**2 + 5*p - 7. Give l(g).
-13
Suppose -4*m + m + 51 = 0. Let v(b) = 13*b - 2*b**3 + 17*b - m*b - 13*b**2 + 9. Let g(n) = -n**3 - 6*n**2 + 6*n + 4. Let z(r) = 7*g(r) - 3*v(r). Give z(-3).
-8
Let m(i) = i - 10. Let a be m(5). Let o be (-4)/(-22) - (-310)/110. Let f(h) = 6*h**2 + 33 - o*h**3 + 4*h**3 + 5*h - 17 - 11. What is f(a)?
5
Let q(h) = h**2 + 5*h - 6. Let y be (-5*(-2)/4)/(12/24). Suppose -l = y*k + 23, 0*k - 27 = 5*k - l. Determine q(k).
-6
Let n(t) = 7*t - 3*t - 5 - 3*t**2 + t - t - t**3. Suppose 0 = 4*f + 11 + 5. What is n(f)?
-5
Let n(v) be the first derivative of 2*v**3/3 - 3*v**2/2 - 3*v + 10. Calculate n(-2).
11
Let r(j) = 4*j + 7. Suppose 19*w - 172 = -229. What is r(w)?
-5
Let p(k) = 1 - 5 - 7*k + 3 + 4 + k**2. Suppose -3*o + 15 + 57 = 0. Suppose 3*d + 6 - o = 0. Determine p(d).
-3
Let w be 4/(-4)*(0 + -1). Let o(d) = -5 + d**2 - d**2 + d**2 - 3*d**2 + 4*d. Let i(k) = k**2 - 1. Let v(s) = w*o(s) + 3*i(s). Calculate v(-6).
4
Let p(t) = 5*t**2 + 2*t + 1. Let k = -46 - -74. Let c be (76/k - 4/(-14)) + -4. Calculate p(c).
4
Let h be 4/((-16)/(-18))*2. Let p(x) = 0 - h*x + 5*x - x**2 - 3. Give p(-5).
-8
Let s(t) = -t**2 - 7*t - 10. Let b be s(-5). Let g(z) = 1 + 0*z + 4*z**3 + b - z + 5*z**3. Give g(1).
9
Let h(m) be the second derivative of 4*m**3/3 + 3*m**2/2 - 9*m + 1. Determine h(-3).
-21
Let h(m) be the third derivative of 1/12*m**4 + 0 - 7*m**2 - 5/6*m**3 + 0*m + 1/360*m**6 - 1/30*m**5. Let o(d) be the first derivative of h(d). Determine o(3).
-1
Let l = 80 - 80. Let i(p) = 5*p + 2*p - 6*p + l + 11. Give i(-11).
0
Let g(o) = o. Let i be -3*(44/(-12) + 2). Let y be g(i). Let s(v) = -v + 7 - 5*v + y*v. Determine s(7).
0
Let d(m) be the second derivative of m**5/20 - 5*m**4/12 + m**3/6 + m**2/2 - 23*m. Suppose -w = 2*w - 12. Determine d(w).
-11
Suppose -g - 25 = -27. Let t(r) = 303 - r - 298 + g*r. What is t(7)?
12
Let i(n) = 5*n + 6. Suppose 4*b = 4*u - 88, -3*u + 26 = b + 28. Determine i(b).
-79
Let s be -2 - (1 - 3)*4. Let n(z) = -6*z**3 + 2*z**2 + 4*z - 2. Let x(i) = 7*i**3 - 2*i**2 - 4*i + 3. Let c(w) = s*n(w) + 5*x(w). Determine c(-2).
11
Suppose -4*v + 46 = -5*g, 3*g - 3*v + 0 + 27 = 0. Let p = g - -7. Let w(a) = 513 - 255 - 259 - 3*a. Calculate w(p).
8
Let p(k) be the third derivative of -k**5/60 + k**4/6 + 5*k**3/3 + k**2 + 13. Determine p(8).
-22
Let x(n) = 3*n**3 + 9*n + 0*n**2 - 2 + 0*n + 6*n**2 - 4*n**3 - n. Give x(7).
5
Suppose -3*s - 4*x - 312 = s, 2*s - x = -168. Let b = 77 + s. Let c(l) = l + 1. What is c(b)?
-4
Let z(d) = -d**3 + 6*d**2 - 4*d - 7. Let k be 5/(20/6)*(-30)/(-3). Suppose t - 6*t + 4*l = -33, 0 = t - 5*l - k. What is z(t)?
-2
Let s(m) = -m**2 + 3*m. Let o(g) = -2 - 4 + g + 9 - 5. Let c be o(4). Calculate s(c).
2
Let n = -68 + 70. Let q(t) = -46*t + 57*t - 12 - n*t**2 + t**2. Give q(9).
6
Let o(n) = 1 + 2*n**3 - n + 3*n**2 + n**3 - 2*n**2 + 0*n**3. Suppose 129*p = 135*p - 6. Give o(p).
4
Let r(g) = g**3 - 7*g**2 + 4*g + 6. Suppose -7*h + 2*h = -3*k - 7, 4*h - 2 = 3*k. Determine r(k).
-6
Let r be (-19 - -21)*(1 + 1). Let v(g) = -2 - g - 20*g**2 + r*g**3 + 11 + 11*g**2 - 3*g**3. What is v(9)?
0
Let i(h) = -h + 3. Let n = -408 - -411. Determine i(n).
0
Suppose 0 = -w + 173 - 168. Let x(z) = 4 - 9*z + 16*z**2 - 14*z**2 + 2*z + 0. Give x(w).
19
Let k(b) = b - 19. Let p be 2/(-3 + 5)*(-2 + 2). What is k(p)?
-19
Let u(p) = 10*p**3 + p**2 + 5*p + 8. Let y(f) = 6*f**3 + f**2 + 3*f + 5. Let n(i) = -5*u(i) + 8*y(i). Determine n(2).
-6
Let a(n) = 2*n + 0 + 0 - 180*n**3 + 181*n**3 - 5*n**2 - 2. Suppose -y = 9 - 34. Suppose 0*w + y = 5*w. Determine a(w).
8
Let f = 7 - 2. Let u(s) = 5*s**2 + 1 + s - f - 2*s - 4*s**2. Suppose 3*b - 3 = 2*b. Determine u(b).
2
Suppose -5 + 48 = p. Suppose -47*c + p*c = 32. Let m(g) = 3*g + 12. Determine m(c).
-12
Let s(n) = -5 + 3*n**3 - 2*n**3 + 4 - n + 6. Let q(c) = c**2 - 6*c**2 + c**3 - 2*c**2 - c**2 + 7*c. Let j be q(7). Give s(j).
5
Let w(k) be the third derivative of k**5/60 + k**4/12 + k**3/3 - 4*k**2. Let g be w(-3). Let